highest common factor of l and 5?
5
Suppose 3 - 21 = -3*u. Let p(q) = 2*q**2 - 9*q + 2. Let g be p(u). Calculate the greatest common factor of g and 50.
10
Let a(d) = 3*d**2 - 11*d + 22. Let i be a(-9). What is the highest common divisor of i and 52?
52
Let f be 12*(-1 + 6/4). What is the highest common factor of 24 and f?
6
Let z(j) = -j**2 - 6*j - 3. Let m be z(-4). Suppose -15 - m = -5*x. Suppose x*u = 23 + 33. What is the greatest common divisor of 42 and u?
14
Let w(x) = 3*x + 3. Let s = 11 - 6. Let f be w(s). Suppose -10 - f = -2*o. What is the greatest common factor of 112 and o?
14
Suppose 174 = m + 5*r, m + r - 168 = -2*r. Suppose -4*k - m = -5*n, -k = -5*n + 7 + 14. Let x = -22 - k. Calculate the greatest common divisor of 3 and x.
3
Let s be (-4)/((1 + -3)/(-2)). Let b = 5 - s. What is the greatest common divisor of 45 and b?
9
Let s = 27 + -17. Suppose -s + 2 = -4*z. Suppose -5*h = 4*l - 41, -4*l + h - z + 13 = 0. What is the highest common divisor of 10 and l?
2
Suppose 2 = -5*h + 27. Suppose -360 = -h*y - 0*y. Calculate the highest common factor of y and 18.
18
Suppose 0 = -q + 6*q - 25. Let s be (-2)/q - (-54)/10. What is the greatest common divisor of 1 and s?
1
Suppose m - 3*d - 5 = -2*d, 0 = -4*d. What is the highest common factor of m and 2?
1
Suppose 3*r - 70 = 5*g, 94 = 4*r - 4*g - 2. What is the greatest common divisor of r and 200?
25
Suppose 2*c - v - 37 = 0, -c + 3*v + 5 = -2*v. What is the highest common factor of 100 and c?
20
Suppose 3*v + 1 = 4*v. Let n be v + -1 + 3 + -1. Suppose -4*a + 1 = -x, -3*x = n*x - a - 71. What is the greatest common divisor of x and 45?
15
Suppose w + 0*w + 4*n - 16 = 0, 5*n = -w + 14. Calculate the greatest common divisor of w and 264.
24
Suppose -1 = c - 4. Suppose 5*m - 82 = -c*y, y - 3*m - 1 = 3. What is the greatest common factor of 133 and y?
19
Let x(d) = 13*d**3 + d**2. Let p be x(1). Let b be (2*8)/((-2)/(-7)). What is the greatest common factor of b and p?
14
Suppose 27 = w + 4*j - 0*j, 0 = w - 5*j. Let s = w - -60. What is the greatest common divisor of 30 and s?
15
Let m(c) = -c**2 - 14*c + 5. Let r be m(-14). Let x = r - 4. Calculate the highest common divisor of x and 9.
1
Suppose -8*p + 2*p + 462 = 0. Calculate the greatest common factor of p and 7.
7
Let y be 92/1 + (-38)/19. What is the greatest common factor of y and 18?
18
Let k be 9/36 - 38/(-8). Calculate the highest common divisor of 45 and k.
5
Suppose 5*y = -3*a + 45, -4*y + 2*a = -46 - 12. Suppose -1 = -2*g + g. Let l be g/(2/y - 0). Calculate the highest common factor of 66 and l.
6
Suppose 0*g + 3*n = 4*g - 44, 5*g + 5*n = 20. Suppose -u + g - 1 = 0. Calculate the highest common divisor of u and 56.
7
Let o be (-178)/(-4) + -4*4/(-32). What is the greatest common factor of 18 and o?
9
Let u = 26 - -39. Suppose -4*p = p - u. What is the greatest common divisor of p and 26?
13
Let j(t) = t**2 - 10*t + 11. Let s be j(10). Let q(m) = -2*m**3 - 6*m**2 - 5*m + 3. Let h be q(-4). Calculate the highest common factor of h and s.
11
Let l = 56 - -35. Let s = -10 + 15. Suppose 4*r - 26 = 2*r - 5*n, -3*n = s*r - 65. Calculate the greatest common divisor of r and l.
13
Let t be 176/(-12)*3*1. Let s = -14 - t. Calculate the highest common factor of 60 and s.
30
Let q(r) = 55*r - 1. Let w be q(-3). Let a = 238 + w. What is the greatest common factor of a and 18?
18
Let g be -1 - (0 - 2) - -6. Let p be (63/(-12))/((-3)/32). What is the greatest common factor of g and p?
7
Suppose 0 = 2*k - 4*n - 2 - 4, -n + 12 = 4*k. Calculate the highest common divisor of 6 and k.
3
Let h(d) = -d**3 + 4*d**2 - d + 3. Let b(w) = -w**3 + 5*w**2 + 4. Let v(l) = 3*b(l) - 2*h(l). Let p be v(7). Calculate the highest common divisor of p and 50.
10
Suppose 0 = 20*x - 17*x - 18. Calculate the highest common factor of 6 and x.
6
Suppose 0 = 3*t - 2*g - 59, -4*t - 4*g + 51 + 21 = 0. What is the greatest common factor of t and 171?
19
Let c = 144 - 53. Calculate the highest common factor of c and 13.
13
Let z be 6 - (-1 - (-3)/3). Let l = 76 + 53. Let p = -75 + l. Calculate the greatest common divisor of p and z.
6
Let c(b) = b**3 + 10*b**2 + 9*b + 12. Let h be c(-9). Calculate the greatest common divisor of h and 6.
6
Let n = 39 + -23. Let i be (n/6)/(4/(-138)). Let s = i - -164. What is the greatest common factor of s and 18?
18
Let p(b) = -38*b + 39*b + 3*b**2 - 2*b**2. Let g be p(3). Calculate the greatest common factor of g and 4.
4
Let g = 38 - -13. Calculate the greatest common divisor of 6 and g.
3
Let p(g) = -12*g + 8. Let b be p(-8). What is the greatest common factor of 13 and b?
13
Let w(d) = -d**3 - 16*d**2 + 13. Let u be w(-16). Calculate the greatest common factor of u and 169.
13
Let q(i) = -i**3 - 4*i**2 - 3*i - 3. Suppose 4*n + 0*n - y = -18, 4*n + 22 = 3*y. Let m be q(n). What is the greatest common factor of 81 and m?
9
Let j be ((-6)/(-3))/(1/21). Suppose 0 = -2*g - 3*g. Suppose 2*f = 5*x + 2, 3*x = -g*x + 6. What is the greatest common factor of f and j?
6
Let w = 42 - 20. Let y = -2 - -4. Suppose y*m - 5*m - 3*v = -87, 5*m = v + 169. What is the highest common divisor of m and w?
11
Suppose 0 = -0*r - r. Suppose r = m - a - 10, m + 0*m - 5*a = 30. Calculate the highest common divisor of m and 5.
5
Let l = -1 - 8. Let v(r) = -r - 5. Let d be v(l). Suppose -2*q = -y + 37, d*y - 6*q - 144 = -2*q. What is the greatest common factor of y and 14?
7
Suppose -13 + 6 = -s. What is the greatest common factor of 63 and s?
7
Let v be (-9)/2*(-4)/1. Let d = v - 1. What is the greatest common factor of d and 34?
17
Suppose 8*l + 2*l - 210 = 0. Let q be 4/(-6) - (-380)/3. Calculate the highest common divisor of q and l.
21
Let n(f) = -10*f**2 + 3*f - 2. Let h be n(2). Let j = -4 - h. Calculate the greatest common factor of 16 and j.
16
Let y be (10 - 9)/(-2 + 1). Let p(i) = i**2 + 7*i + 7. Let n be p(-6). Let c be 1 + 19 + n + y. What is the greatest common divisor of 50 and c?
10
Let q(p) = 10*p. Let g(h) = 21*h - 1. Let t be 4/(-6)*9/(-1). Let m(j) = t*g(j) - 14*q(j). Let v be m(-9). What is the highest common divisor of v and 15?
15
Suppose 2*f - 225 + 65 = 4*y, -4*y = 16. Let a be ((-2)/(-6))/(3/9). Let m(g) = 9*g. Let i be m(a). Calculate the highest common factor of f and i.
9
Let f(z) = -z**3 + 9*z**2 + z. Let s be f(9). Calculate the greatest common factor of s and 9.
9
Let a = -168 - -216. What is the highest common divisor of 384 and a?
48
Suppose 4*h - 86 = -14. Calculate the greatest common factor of h and 45.
9
Let a = 18 - 16. Suppose 6*l = 5*g + 3*l + 14, 2*l = 4*g + 12. Let o(w) = -w**3 - 5*w**2 - 6*w. Let b be o(g). Calculate the greatest common factor of b and a.
2
Let r(u) = -3*u**3 + u - 5*u**3 + 10*u**3. Let w be r(2). Suppose 2*j = 5*f - 84, 40 = 4*f + j - 35. Calculate the greatest common factor of f and w.
18
Let z be -5*(-2)/(-4)*-2. Suppose z*p = -2*a + 3*p + 14, -4*a + 4*p = 4. Let f = 0 + a. Calculate the greatest common divisor of 3 and f.
3
Suppose n - 4*n - 10 = -5*r, 4*r - 15 = n. Let g = 11 + -6. Calculate the greatest common divisor of g and n.
5
Let o = 5 + -6. Let s(d) = -4*d - 1. Let n be s(-1). Let c = n - o. Calculate the greatest common factor of c and 4.
4
Let m(d) = -2*d**2 + 33*d + 7. Let t be m(15). Calculate the greatest common divisor of t and 130.
26
Let s(v) = -10*v + 1. Let f be s(-1). Let k = -35 - -112. Calculate the greatest common divisor of k and f.
11
Suppose -7*o = -183 + 1. What is the highest common factor of 65 and o?
13
Suppose 4*c = 2*o + 3*c - 34, 0 = -2*c - 8. What is the greatest common factor of o and 30?
15
Let t = 9 + -5. Let k be 123/5 - 9/15. Let q = k - 8. What is the highest common factor of q and t?
4
Let h(a) = -a**3 + a + 13. Let p be h(0). Let j(d) = 5*d - p*d - 2*d**2 + d**2 - 4. Let t be j(-6). What is the greatest common divisor of t and 88?
8
Let f be ((-2)/6)/((-1)/39). Let o(m) be the second derivative of m**3/6 + 3*m**2 + m. Let l be o(7). Calculate the highest common factor of f and l.
13
Let t be ((-55)/(-3))/(1/(-3)). Let w = t - -119. Calculate the greatest common divisor of w and 16.
16
Let c(y) = y**2 - 10*y - 9. Let w be c(-7). Calculate the highest common factor of 22 and w.
22
Suppose 0 = 4*c + 3*p - 31, -6*c - 3*p + 19 = -5*c. Let d = 0 + c. What is 